{"id":26,"date":"2024-10-05T22:05:44","date_gmt":"2024-10-05T22:05:44","guid":{"rendered":"https:\/\/makelemnstorm.ro\/?page_id=26"},"modified":"2024-10-07T05:20:42","modified_gmt":"2024-10-07T03:20:42","slug":"termeni-si-conditii","status":"publish","type":"page","link":"https:\/\/makelemnstorm.ro\/index.php\/termeni-si-conditii\/","title":{"rendered":"Termeni si conditii"},"content":{"rendered":"\n<h2 class=\"kt-adv-heading26_c812ef-be wp-block-kadence-advancedheading has-mono-2-color has-text-color\" data-kb-block=\"kb-adv-heading26_c812ef-be\"><\/h2>\n\n\n\n<h3 class=\"wp-block-heading\"><strong>1. Descrierea serviciilor<\/strong><\/h3>\n\n\n\n<p class=\"has-contrast-dark-color has-text-color has-link-color wp-elements-d2dc51374ce8085629971ada831fbd8e\">MAKELEMNSTORM este o platform\u0103 online prin care se pot comanda servicii de brodare si tapitare personalizate din orice col\u021b al \u021b\u0103rii.<\/p>\n\n\n\n<p class=\"has-contrast-dark-color has-text-color has-link-color wp-elements-d7d927bc7ec0b665b73a32fcf95be279\">Site-ul www.makelemnstorm.ro este proprietatea S.C. MAKELEMNSTORM S.R.L. Utilizarea site-ului prin vizitarea acestuia sau prin achizi\u021bionarea de produse sau servicii implic\u0103 acceptarea termenilor \u0219i condi\u021biilor de mai jos.<\/p>\n\n\n\n<h3 class=\"wp-block-heading\"><strong>2. Elemente definitorii<\/strong><\/h3>\n\n\n\n<p class=\"has-contrast-dark-color has-text-color has-link-color wp-elements-0ddfa82d83803e19d608255c01ecd214\">Conditiile generale de v\u00e2nzare descrise \u00een continuare, se refer\u0103 la rela\u021biile contractuale \u00eentre utilizatorii site-ului makelemnstorm.ro \u0219i societatea comercial\u0103 S.C. MAKELEMNSTORM S.R.L.<\/p>\n\n\n\n<p class=\"has-contrast-dark-color has-text-color has-link-color wp-elements-886f38acd1a745b7a7201ec144c47afd\">Aceste Condi\u021bii Generale de V\u00e2nzare sunt singurele aplicabile \u0219i \u021bin locul oric\u0103ror altor condi\u021bii, cu excep\u021bia derog\u0103rilor prealabile, exprese sau scrise.<\/p>\n\n\n\n<p class=\"has-contrast-dark-color has-text-color has-link-color wp-elements-806c6333edc4b32bff7d293f6adc889d\">S.C. MAKELEMNSTORM S.R.L are dreptul de a modifica unele dispozi\u021bii din cadrul condi\u021biilor generale, de aceea este necesar ca acestea s\u0103 fie permanent citite \u00eenainte de comanda produse sau servicii pe site-ul makelemnstorm.ro.<\/p>\n\n\n\n<p class=\"has-contrast-dark-color has-text-color has-link-color wp-elements-c0781023302636aba1dce22b924f57db\">Aceste modific\u0103ri se aplic\u0103 odat\u0103 cu publicarea lor online \u0219i nu pot fi aplicate acelor contracte \u00eencheiate anterior public\u0103rii.<\/p>\n\n\n\n<p class=\"has-contrast-dark-color has-text-color has-link-color wp-elements-3b157e19fed23f5e1664bc1cac3fa5ee\">Consider\u0103m c\u0103 prin validarea comenzilor tale pe site-ul makelemnstorm.ro, ai citit, e\u0219ti de acord si accep\u021bi condi\u021biile noastre generale de v\u00e2nzare.<\/p>\n\n\n\n<p class=\"has-contrast-dark-color has-text-color has-link-color wp-elements-12e75bc6e0d54ad9e838da967084f2d4\">Prin termenii utiliza\u021bi \u00een continuare \u00eentelegem:<\/p>\n\n\n\n<p class=\"has-contrast-dark-color has-text-color has-link-color wp-elements-c79a198a439fd3d3d11d7da0322c0b46\">Cump\u0103r\u0103tor \u2013 orice persoan\u0103 fizic\u0103 sau juridic\u0103 ce face o Comand\u0103 de Produse sau Servicii.<\/p>\n\n\n\n<p class=\"has-contrast-dark-color has-text-color has-link-color wp-elements-7c19eebb585c7f5d11c99f418b978f96\">V\u00e2nz\u0103tor \u2013 societatea comercial\u0103 S.C. MAKELEMNSTORM S.R.L., av\u00e2nd sediul social \u00een Craiova.<\/p>\n\n\n\n<p class=\"has-contrast-dark-color has-text-color has-link-color wp-elements-1c709ae2ed7deeb3bca5c3fa79ceca27\">Produse \u0219i Servicii \u2013 orice produs sau serviciu, inclusiv acele documente \u0219i servicii men\u021bionate \u00een Comand\u0103, care urmeaz\u0103 s\u0103 fie furnizate de c\u0103tre V\u00e2nz\u0103tor, Cump\u0103r\u0103torului.<\/p>\n\n\n\n<p class=\"has-contrast-dark-color has-text-color has-link-color wp-elements-b30294c81b25e87b788f7542ff2ada65\">Comanda \u2013 un document electronic ce intervine \u00eentre V\u00e2nz\u0103tor \u0219i Cump\u0103r\u0103tor prin intermediul c\u0103ruia V\u00e2nz\u0103torul \u00ee\u0219i d\u0103 acordul de livrare a Produselor \u0219i Serviciilor, iar Cump\u0103r\u0103torul este de acord cu primirea Produselor \u0219i a Serviciilor \u0219i cu plata acestora.<\/p>\n\n\n\n<p class=\"has-contrast-dark-color has-text-color has-link-color wp-elements-f15424d3e7624b61e2c891b76d32347d\">Contract \u2013 Comanda confirmat\u0103 de c\u0103tre V\u00e2nz\u0103tor.<\/p>\n\n\n\n<p class=\"has-contrast-dark-color has-text-color has-link-color wp-elements-7bdbb2909e4a24c6ab6fd799a577158b\">Specifica\u021bii \u2013 toate caracteristicile \u0219i\/sau descrierile Produselor \u0219i Serviciilor a\u0219a cum sunt prev\u0103zute \u00een Comand\u0103.<\/p>\n\n\n\n<h3 class=\"wp-block-heading\"><strong>3. Acceptarea termenilor \u0219i condi\u021biilor<\/strong><\/h3>\n\n\n\n<p class=\"has-contrast-dark-color has-text-color has-link-color wp-elements-9c47941c025cc27029728b010526e6b0\">Serviciile makelemnstorm.ro sunt furnizate de compania S.C. MAKELEMNSTORM S.R.L., \u00een calitate de proprietar \u0219i administrator al portalului, numai persoanelor care sunt de acord \u00een totalitate cu termenii \u0219i condi\u021biile expuse \u00een prezentul regulament.<\/p>\n\n\n\n<p class=\"has-contrast-dark-color has-text-color has-link-color wp-elements-bdbc5c5514a8edd2418f333e51795bc5\">Termenii \u0219i condi\u021biile acestor servicii pot fi schimbate \u00een orice moment de c\u0103tre proprietar sau administrator, f\u0103r\u0103 notificarea prealabil\u0103 a utilizatorilor. Termenii \u0219i condi\u021biile \u00een vigoare sunt cele afi\u0219ate pe site-ul makelemnstorm.ro.<\/p>\n\n\n\n<p class=\"has-contrast-dark-color has-text-color has-link-color wp-elements-50c2db7adba696e117075c06727a626d\">\u00cen cazul \u00een care nu e\u0219ti de acord cu regulamentul de utilizare, ca \u0219i Cump\u0103r\u0103tor, trebuie s\u0103 \u00eencetezi imediat folosirea serviciilor oferite prin makelemnstorm.ro<\/p>\n\n\n\n<h3 class=\"wp-block-heading\"><strong>4. Acceptarea comenzii<\/strong><\/h3>\n\n\n\n<p class=\"has-contrast-dark-color has-text-color has-link-color wp-elements-91846c33cc8fd7d4361e899380bef16c\">Prin lansarea unei comenzi (formular de contact, personal, e-mail sau telefon) pe site-ul makelemnstorm.ro, Cump\u0103r\u0103torul este de acord cu modalitatea de comunicare (personal\u0103, telefonic\u0103 sau electronic\u0103) prin intermediul c\u0103reia V\u00e2nz\u0103torul \u00ee\u0219i desf\u0103\u0219oar\u0103 opera\u021biunile.<\/p>\n\n\n\n<p class=\"has-contrast-dark-color has-text-color has-link-color wp-elements-f6a8d7422dbb120cf6b5564f8774792d\">\u00cen cazul \u00een care V\u00e2nz\u0103torul \u0219i-a dat acordul vis-a-vis de comand\u0103, a confirmat-o, acest lucru implic\u0103 o acceptare complet\u0103 a termenilor Comenzii. Acceptarea comenzii de c\u0103tre V\u00e2nz\u0103tor se consider\u0103 finalizat\u0103 \u00een momentul \u00een care exist\u0103 o confirmare verbal\u0103 (prin telefon) sau electronic\u0103 (prin e-mail) din partea V\u00e2nz\u0103torului c\u0103tre Cump\u0103rator, f\u0103r\u0103 a fi nevoie de existen\u021ba unei comenzi de confirmare de primire din partea acestuia.<\/p>\n\n\n\n<p class=\"has-contrast-dark-color has-text-color has-link-color wp-elements-b2280129f2ba863355c1a6c17d982e18\">\u00cen niciun moment, o comand\u0103 ce nu este confirmat\u0103 nu va fi considerat\u0103 de c\u0103tre V\u00e2nz\u0103tor ca av\u00e2nd valoarea unui Contract. Prezentul Contract intr\u0103 \u00een vigoare doar \u00een momentul \u00een care V\u00e2nz\u0103torul a confirmat Comanda. Termenii \u0219i condi\u021biile generale de v\u00e2nzare stau la baza Contractului \u00eencheiat.<\/p>\n\n\n\n<h3 class=\"wp-block-heading\"><strong>5. Extinderea obliga\u021biilor V\u00e2nz\u0103torului<\/strong><\/h3>\n\n\n\n<p class=\"has-contrast-dark-color has-text-color has-link-color wp-elements-cfc6579ac799228804dda21ed61be69e\">Informa\u021biile prezentate prin intermediul site-ului makelemnstorm.ro au caracter informativ, put\u00e2nd fi modificate de c\u0103tre V\u00e2nz\u0103tor, f\u0103r\u0103 un anun\u021b prealabil.<\/p>\n\n\n\n<p class=\"has-contrast-dark-color has-text-color has-link-color wp-elements-321b7c6bd2307468027d2f63acc4728c\">De asemenea, din motive ce \u021bin de spa\u021biu \u0219i de coeren\u021ba informa\u021biei, descrierile anumitor produse pot fi incomplete \u00eens\u0103 V\u00e2nz\u0103torul face eforturi s\u0103 prezinte cele mai relevante informa\u021bii, astfel \u00eenc\u00e2t produsul s\u0103 poat\u0103 fi folosit \u00een parametrii pentru care a fost cump\u0103rat.<\/p>\n\n\n\n<p class=\"has-contrast-dark-color has-text-color has-link-color wp-elements-04d839ea5b1dcdeff8f8edd677f82a7e\">Comunicarea cu V\u00e2nz\u0103torul se realizeaz\u0103 prin intermediul modalit\u0103\u021bilor men\u021bionate \u00een cadrul sec\u021biunii Contact.<\/p>\n\n\n\n<h3 class=\"wp-block-heading\"><strong>6. Transferul propriet\u0103\u021bii<\/strong><\/h3>\n\n\n\n<p class=\"has-contrast-dark-color has-text-color has-link-color wp-elements-f14409fb90348b5c9095a9d791ffcb23\">Transferul propriet\u0103\u021bii asupra Produselor \u0219i Serviciilor are loc \u00een momentul \u00een care Cump\u0103r\u0103torul realizeaz\u0103 plata respect\u00e2nd indica\u021biile din comand\u0103.<\/p>\n\n\n\n<p class=\"has-contrast-dark-color has-text-color has-link-color wp-elements-7010764e367db2b2ed7c95a2fd8c7a50\">\u00cen momentul \u00een care produsele sunt livrate prin curier, agentul de livr\u0103ri nu este autorizat de c\u0103tre V\u00e2nz\u0103tor s\u0103 permit\u0103 Cump\u0103r\u0103torului deschiderea coletelor \u00eenainte de semnarea de livrare, ci doar ulterior acesteia \u0219i dup\u0103 achitarea eventualei contravalori a produselor.<\/p>\n\n\n\n<h3 class=\"wp-block-heading\"><strong>7. Confiden\u021bialitate<\/strong><\/h3>\n\n\n\n<p class=\"has-contrast-dark-color has-text-color has-link-color wp-elements-cf2d20455a46e1a10df9d90f8b342032\">S.C.MAKELEMNSTORMM S.R.L. respect\u0103 informa\u021biile confiden\u021biale furnizate de clien\u021bii no\u0219tri, nu vinde, nu \u00eenchiriaz\u0103 \u0219i nu ofer\u0103 unor ter\u021be persoane aceste informa\u021bii.<\/p>\n\n\n\n<p class=\"has-contrast-dark-color has-text-color has-link-color wp-elements-9ed6f29820259e0edcb27111e99be161\">S.C. MAKELEMNSTORM S.R.L. solicit\u0103 nume, adrese de e-mail, numere de telefon, date de la clien\u021bii s\u0103i \u00een scopul emiterii documentelor fiscale \u0219i finaliz\u0103rii comenzilor.<\/p>\n\n\n\n<p class=\"has-contrast-dark-color has-text-color has-link-color wp-elements-771f7f02bf8639bdad07f8a2defb7290\">\u00cen scopul finaliz\u0103rii comenzilor, datele cu caracter personal urmeaz\u0103 s\u0103 fie comunicate companiei de curierat rapid care se va ocupa de livrarea produselor, precum \u0219i organelor fiscale.<\/p>\n\n\n\n<p class=\"has-contrast-dark-color has-text-color has-link-color wp-elements-28b3a00a563121f097efb5ace6f93dc6\">Pentru orice informa\u021bie referitoare la datele tale cu caracter personal, po\u021bi s\u0103 ne contactezi prin formularul de contact de pe acest site.<\/p>\n\n\n\n<h3 class=\"wp-block-heading\"><strong>8. Politica de v\u00e2nz\u0103ri<\/strong><\/h3>\n\n\n\n<p class=\"has-contrast-dark-color has-text-color has-link-color wp-elements-70be529071e9ee1521f5ff7cb9816082\">Pre\u021burile serviciilor de pe site-ul makelemnstorm.ro depind de comanda dumneavoastr\u0103. Acestor pre\u021buri se va ad\u0103uga TVA-ul. Cump\u0103r\u0103torul trebuie s\u0103 cear\u0103 o ofert\u0103 de pre\u021b de la V\u00e2nz\u0103tor, prin telefon, prin e-mail sau folosind formularul de contact, pentru fiecare seviciu personalizat pe care \u00eel solicit\u0103.<\/p>\n\n\n\n<p class=\"has-contrast-dark-color has-text-color has-link-color wp-elements-3137b711308b3bac2995922ca96984d2\">Produsele \u0219i serviciile ce au fost achitate prin OP sau prin plata direct\u0103 \u00een contul curent al firmei se livreaz\u0103 dup\u0103 ce plata a fost confirmat\u0103.<\/p>\n\n\n\n<h3 class=\"wp-block-heading\"><strong>9. Comanda<\/strong><\/h3>\n\n\n\n<p class=\"has-contrast-dark-color has-text-color has-link-color wp-elements-f8757311290a263a430db21d4d838205\">Utilizatorii care doresc achizi\u021bionarea unui produs sau serviciu g\u0103sesc pe site-ul makelemnstorm.ro anumite expemple din&nbsp; unele categoriil de produse \u0219i servicii pe care le furniz\u0103m.<\/p>\n\n\n\n<p class=\"has-contrast-dark-color has-text-color has-link-color wp-elements-a85ff67b07dd3912aa5220fe3ab0f9af\">Dac\u0103 Cump\u0103r\u0103torul vrea sa cunoasc\u0103 pre\u021burile unui produs personalizat, dore\u0219te informa\u021bii suplimentare sau o ofert\u0103 de pre\u021b atunci ne poate contacta folosind formularul de contact.<\/p>\n\n\n\n<p class=\"has-contrast-dark-color has-text-color has-link-color wp-elements-0a42d5bc74ae2e8d6073bbb1a76495e3\">Comanda poate fi achitat\u0103 prin dou\u0103 modalit\u0103\u021bi: prin ordin de plat\u0103 sau prin ramburs la livrare c\u0103tre firma de curierat ce e \u00eemputernicit\u0103 s\u0103 recupereze suma datorat\u0103.<\/p>\n\n\n\n<h3 class=\"wp-block-heading\"><strong>10. Disponibilitate<\/strong><\/h3>\n\n\n\n<p class=\"has-contrast-dark-color has-text-color has-link-color wp-elements-7b0cc9eee813bb20757f49e4e193e9fc\">\u00cen cazul \u00een care unul dintre serviviile comandate nu este disponibil, ne angaj\u0103m s\u0103 v\u0103 contact\u0103m prin intermediul po\u0219tei electronice sau prin telefon \u00eentr-un interval de 3 zile de la plasarea comenzii pentru a te informa asupra noului termen de livrare al acestui serviciu.<\/p>\n\n\n\n<h3 class=\"wp-block-heading\"><strong>11. Modalit\u0103\u021bile de livrarea<\/strong><\/h3>\n\n\n\n<p class=\"has-contrast-dark-color has-text-color has-link-color wp-elements-546244e90b15b7c7d6e1657d4c7a0e47\">Livrarea produselor se poate face prin intermediul curieratului rapid, la adresa furnizat\u0103 de Cump\u0103r\u0103tor \u00een momentul realiz\u0103rii comenzii sau in persoan\u0103,&nbsp; Cump\u0103r\u0103torul trebuie s\u0103 furnizeze adresele de facturare \u0219i livrare reale \u0219i corecte.<\/p>\n\n\n\n<p class=\"has-contrast-dark-color has-text-color has-link-color wp-elements-8f6822a3584a4fbf50a0b2ed489efa12\">S.C. MAKELEMNSTORM S.R.L. va face tot posibilul pentru respectarea termenelor de livrare stabilite. Totusi, nu suntem responsabili de \u00eent\u00e2rzierile de livrare sau pierderile de colete ce au fost provocate de c\u0103tre un ter\u021b sau determinate de o cauz\u0103 imprevizibil\u0103.<\/p>\n\n\n\n<p class=\"has-contrast-dark-color has-text-color has-link-color wp-elements-ecd49d57f739f0a846088e3ac1d32e2f\">\u00cen cazul \u00een care coletul nu a fost recep\u021bionat \u00een cadrul termenelor indicate, vom demara o anchet\u0103 \u00eempreun\u0103 cu firma de curierat cu scopul de a stabili care sunt cauzele ce au dus la aceast\u0103 situa\u021bie.<\/p>\n\n\n\n<h3 class=\"wp-block-heading\"><strong>12. Modalit\u0103\u021bile de plat\u0103<\/strong><\/h3>\n\n\n\n<p class=\"has-contrast-dark-color has-text-color has-link-color wp-elements-96936a87f1d426035f9685f1568327e2\">Comenzile pl\u0103tite integral sunt considerate ca fiind comenzi ferme \u0219i definitive (excep\u021bie fac comenzile a c\u0103ror plat\u0103 se face la livrare \u0219i care vor fi confirmate electronic sau telefonic de c\u0103tre un reprezentant al S.C. MAKELEMNSTORM S.R.L.).<\/p>\n\n\n\n<p class=\"has-contrast-dark-color has-text-color has-link-color wp-elements-81bd7c4a2a025a2ea1749cb721d58381\">Exist\u0103 mai multe modalit\u0103\u021bi de realizare a pl\u0103\u021bii:<\/p>\n\n\n\n<p class=\"has-contrast-dark-color has-text-color has-link-color wp-elements-220a9236205e64df9bc217401f80782a\">\u2013 plata ramburs<\/p>\n\n\n\n<p class=\"has-contrast-dark-color has-text-color has-link-color wp-elements-f3759df8d287e80a90ee624fd3ffb58a\">\u2013 prin virament bancar.<\/p>\n\n\n\n<p class=\"has-contrast-dark-color has-text-color has-link-color wp-elements-bedffb940e434832158d861b88908dde\">Cump\u0103r\u0103torul declar\u0103 c\u0103 este \u00een posesia tuturor autoriz\u0103rilor necesare pentru utilizarea modului de plat\u0103 pentru care a optat la validarea comenzii.<\/p>\n\n\n\n<p class=\"has-contrast-dark-color has-text-color has-link-color wp-elements-0dfe9104f247eb46906d9a7a71e66ea3\">\u00cen cazul \u00een care Cump\u0103r\u0103torul a optat pentru plata \u00een sistem ramburs, acesta urmeaz\u0103 s\u0103 achite \u00een plus firmei de curierat o tax\u0103 de rambursare. Contravaloarea comenzii, taxa de transport \u0219i cea de ramburs se achit\u0103 reprezentantului firmei de curierat ce livreaz\u0103 produsele achizi\u021bionate.<\/p>\n\n\n\n<p class=\"has-contrast-dark-color has-text-color has-link-color wp-elements-46a5ec0b68b7efa7e602b2d733f80510\">Plata comenzii prin virament bancar trebuie facut\u0103 \u00een avans, pe baza unei facturi proforme emise de S.C. MAKELEMNSTORM S.R.L. \u0219i care va fi trimis\u0103 la adresa de e-mail furnizat\u0103 de Cump\u0103r\u0103tor.<\/p>\n\n\n\n<p class=\"has-contrast-dark-color has-text-color has-link-color wp-elements-cec1d6a884ad324b0da4065599341bcc\">\u00cen situa\u021bia \u00een care optezi pentru ridicarea coletului de la sediul firmei noastre valoarea comenzii se poate achita at\u00e2t prin virament bancar c\u00e2t \u0219i prin numerar la momentul ridic\u0103rii coletului.<\/p>\n\n\n\n<p class=\"has-contrast-dark-color has-text-color has-link-color wp-elements-21a805669f842be2ca992a37a94bd3fa\">Societatea S.C.MAKELEMNSTORM S.R.L. are dreptul de a refuza o comand\u0103 sau de a refuza efectuarea unei livr\u0103ri ce vine din partea unui client cu care a existat un litigiu anterior referitor la efectuarea unei pl\u0103\u021bi anterioare.<\/p>\n\n\n\n<p class=\"has-contrast-dark-color has-text-color has-link-color wp-elements-8937e3640e8e01271e7d9ae8d8197222\">V\u00e2nz\u0103torul are dreptul de a analiza \u0219i verifica comenzile efectuate pentru a lupta \u00eempotriva fraudei \u0219i, \u00een acest sens, \u00ee\u0219i rezerv\u0103 posibilitatea de a cere clientului orice tip de act justificativ considerat util.<\/p>\n\n\n\n<p class=\"has-contrast-dark-color has-text-color has-link-color wp-elements-37d4bee37de84372961e9673f7060f29\">V\u00e2nz\u0103torul, \u00een momentul finaliz\u0103rii procedurii de verificare, \u00ee\u0219i rezerv\u0103 dreptul de suspendare sau anulare a comenzii sau a livr\u0103rii, \u00een situa\u021bia \u00een care analiza realizat\u0103 las\u0103 urme de \u00eendoial\u0103 asupra caracterului fraudulos al comenzii \u00een raport cu un ter\u021b.<\/p>\n\n\n\n<p class=\"has-contrast-dark-color has-text-color has-link-color wp-elements-a22de9cc546c2f847af23109e1310c3d\">V\u00e2nz\u0103torul nu este responsabil de utilizarea frauduloas\u0103 a Cump\u0103r\u0103torului a unor mijloace de plat\u0103 ce nu au fost detectate de c\u0103tre aceast\u0103 procedur\u0103.<\/p>\n\n\n\n<h3 class=\"wp-block-heading\"><strong>13. Retur<\/strong><\/h3>\n\n\n\n<p class=\"has-contrast-dark-color has-text-color has-link-color wp-elements-da55ce09cbabc41cae1ae99fce621391\">Serviciile si produsele noastre nu se pot returna, fiind vorba de personaliz\u0103ri care sunt unice pentru fiecare client in parte. Conform art. 10 din Ord. 130\/2000, nu se pot returna produsele personalizate la cererea clien\u021bilor.<\/p>\n\n\n\n<p class=\"has-contrast-dark-color has-text-color has-link-color wp-elements-c4d0956f01c5309f5a022aa1a921b8b7\"><\/p>\n","protected":false},"excerpt":{"rendered":"<p>1. Descrierea serviciilor MAKELEMNSTORM este o platform\u0103 online prin care se pot comanda servicii de brodare si tapitare personalizate din orice col\u021b al \u021b\u0103rii. Site-ul www.makelemnstorm.ro este proprietatea S.C. MAKELEMNSTORM S.R.L. Utilizarea site-ului prin vizitarea acestuia sau prin achizi\u021bionarea de produse sau servicii implic\u0103 acceptarea termenilor \u0219i condi\u021biilor de mai jos. 2. Elemente definitorii Conditiile [&hellip;]<\/p>\n","protected":false},"author":1,"featured_media":0,"parent":0,"menu_order":0,"comment_status":"closed","ping_status":"closed","template":"","meta":{"_kadence_starter_templates_imported_post":false,"footnotes":""},"class_list":["post-26","page","type-page","status-publish","hentry"],"_links":{"self":[{"href":"https:\/\/makelemnstorm.ro\/index.php\/wp-json\/wp\/v2\/pages\/26","targetHints":{"allow":["GET"]}}],"collection":[{"href":"https:\/\/makelemnstorm.ro\/index.php\/wp-json\/wp\/v2\/pages"}],"about":[{"href":"https:\/\/makelemnstorm.ro\/index.php\/wp-json\/wp\/v2\/types\/page"}],"author":[{"embeddable":true,"href":"https:\/\/makelemnstorm.ro\/index.php\/wp-json\/wp\/v2\/users\/1"}],"replies":[{"embeddable":true,"href":"https:\/\/makelemnstorm.ro\/index.php\/wp-json\/wp\/v2\/comments?post=26"}],"version-history":[{"count":3,"href":"https:\/\/makelemnstorm.ro\/index.php\/wp-json\/wp\/v2\/pages\/26\/revisions"}],"predecessor-version":[{"id":1334,"href":"https:\/\/makelemnstorm.ro\/index.php\/wp-json\/wp\/v2\/pages\/26\/revisions\/1334"}],"wp:attachment":[{"href":"https:\/\/makelemnstorm.ro\/index.php\/wp-json\/wp\/v2\/media?parent=26"}],"curies":[{"name":"wp","href":"https:\/\/api.w.org\/{rel}","templated":true}]}}